 i(4). Let y be (-86)/p - 39/65. Calculate the highest common factor of y and 40.
8
Suppose 4*y = 6*y - 238. Calculate the greatest common factor of y and 17.
17
Let s be 2 + (-30)/(-4) + (-4)/(-8). Calculate the highest common divisor of s and 5.
5
Suppose 0 = 2*p - v, 5*v - 22 = -2*p + p. Suppose 10 = -2*h + 46. Calculate the greatest common divisor of p and h.
2
Let y(a) = -a**3 + 11*a**2 - 8*a + 14. Let o be y(11). Let h = 119 + o. What is the greatest common divisor of 15 and h?
15
Let f(h) = h**2 - 2*h + 4. Let b be f(3). Let m be 3 + -1 + 2 + 17. Calculate the greatest common factor of b and m.
7
Let c = 994 + -605. Suppose 0 = -5*s + 4*l + c, 131 = s + l + 55. Let h = s - 21. What is the greatest common divisor of h and 14?
14
Let j = -127 - -231. What is the highest common divisor of j and 26?
26
Suppose 5*n = -c + 114, c = -2*n - c + 52. Calculate the greatest common divisor of 55 and n.
11
Suppose -2*i - 8874 = -20*i. What is the greatest common divisor of i and 17?
17
Let s(b) = -b - 4. Let p be s(-8). Let n = 133 - 78. Suppose -w = p*w - n. Calculate the highest common factor of w and 11.
11
Suppose 0 = -2*p - 0*p. Let i = 13 - p. What is the highest common divisor of i and 104?
13
Suppose -5*g + 5*p + 29 = 4*p, -2*g + 2*p = -18. Suppose g*o - 855 = -0*o. Let k = 1 + 18. Calculate the greatest common divisor of k and o.
19
Let k = 13 + -13. Suppose 3*p + p - 572 = k. Suppose 2*j + 39 = 5*j. What is the greatest common factor of j and p?
13
Let h = -2 + 4. Let n be (-2)/(-10) + h/(-10). Suppose 2*s = -w + 32, -s + n*s + w + 10 = 0. Calculate the greatest common factor of s and 21.
7
Suppose 8 + 4 = 2*s. Let k(d) = d**3 + 5*d**2 + 3*d - 3. Let b be k(-3). What is the greatest common factor of s and b?
6
Suppose 4*o - 3*q = 81, -q = -o + 4*q + 16. Suppose u + 3 = o. What is the highest common factor of u and 27?
9
Suppose 5*t + 5*i = 30, t - 3*i = i - 14. Let x be (-3)/t*(-16)/3. Calculate the greatest common factor of 40 and x.
8
Let f be 5 + 4 + -6 + (-2)/1. Suppose 5*l = g - 2, 0*g + 8 = 4*g + 4*l. What is the highest common factor of f and g?
1
Suppose -3*i + 2 = -40. Let j = 18 + 10. Calculate the highest common divisor of i and j.
14
Suppose 2*a = 4*t + 2, -t = -a - a + 5. Let g be (-18)/7*(-140)/15. What is the highest common divisor of g and a?
3
Suppose 10*h - 1554 = 7*h. Suppose 2 + h = 5*o. Let f(g) = 3*g - 5. Let b be f(6). What is the greatest common factor of b and o?
13
Let v = -33 + 59. Calculate the highest common divisor of v and 65.
13
Suppose 4*m + 3*w - 197 = 232, 0 = -4*w - 4. What is the highest common divisor of 12 and m?
12
Let c be ((-2)/(-1))/((-6)/(-75)). Suppose -c = -2*j - 1. What is the greatest common divisor of j and 24?
12
Let p = 41 + 56. Suppose w = -3*f + 29, 5*w - p = 2*f - f. Suppose -1 = -3*r + 2*n + 61, -5*n - w = 0. Calculate the greatest common divisor of 72 and r.
18
Suppose 3*m - 300 = 3*q, -2*m + 4*q + 0*q + 204 = 0. Let a = 51 - 37. What is the greatest common factor of m and a?
14
Let d(l) = l**3 + 6*l**2 + 2*l - 2. Suppose -4*i = y + 24, 0*y - 41 = 4*y + 5*i. Let f be d(y). What is the greatest common divisor of f and 88?
22
Suppose -3*g + 2*g - 1 = -v, 3 = v. Suppose 2*h - 5*h = -c + 12, 0 = g*c + 4*h - 24. Calculate the highest common factor of 108 and c.
12
Let h(t) = -2*t + 8. Let a be h(-4). Let j be (-3)/((-9)/129) - 1. Suppose 4*r - j + 10 = 0. What is the highest common factor of r and a?
8
Let w = 7 - 9. Let v = 4 + w. What is the greatest common factor of 16 and v?
2
Let j = 30 + -24. What is the highest common divisor of j and 42?
6
Let i = -15 + 43. Let t = i - 15. Suppose 5*u = 5*a + 700, 0 = 3*u - u + 3*a - 295. Calculate the highest common factor of t and u.
13
Suppose -2*k + 0 = -5*z - 5, k = z + 4. What is the highest common divisor of k and 20?
5
Suppose 3*h + h = 40. Let s be (36/15)/4*h. Suppose -4*f - 12 = -s*f. Calculate the highest common divisor of f and 24.
6
Suppose 0 = -4*i - 5*k + 314, -7*k + 397 = 5*i - 3*k. Calculate the highest common factor of 18 and i.
9
Suppose 5*l + 279 = 4*u, 4*l + 47 = 2*u - 97. Let n = -18 + -9. Let y be -9*(-6)/n*-3. Calculate the highest common divisor of u and y.
6
Let d(g) = g**2 + g + 5. Let a be d(0). Suppose t + 100 = 5*c, a*c - 3*t - t - 100 = 0. What is the greatest common divisor of c and 5?
5
Let l = -22 - -32. Suppose -3*s + 316 = -4*c, c + 2*c = -s + 88. Calculate the greatest common factor of s and l.
10
Let u(z) = z**2 + 9*z - 1. Let v be u(-12). Calculate the highest common factor of v and 5.
5
Let u = 6 - 1. Let k(x) = -2*x**3 + x**2 + 4*x + 5. Let f be k(-2). Suppose 0 = -u*r + 3 + f. Calculate the greatest common factor of 1 and r.
1
Let a(d) = 8*d - 3. Let p be a(6). Calculate the greatest common divisor of p and 18.
9
Suppose q + 30 = 2*q. Let f = 10 - 3. Let a = 13 - f. What is the greatest common divisor of q and a?
6
Suppose o - 318 = 2. Suppose -x + g - o = 2*x, 2*g - 430 = 4*x. Let z = x - -231. What is the greatest common divisor of z and 18?
18
Let w = -2 + 52. Calculate the highest common factor of 10 and w.
10
Let r = 4 - 1. Let k(b) = b**2 - b - 3. Let m be k(r). Suppose -2*q - 24 = -3*q. What is the highest common divisor of m and q?
3
Suppose 3*a + 4*z - 4 = -a, a - 2*z = -2. Suppose b + 0*b - 8 = 0. Let s = b + a. Calculate the highest common divisor of s and 80.
8
Suppose -140 = j - 2*j - 5*d, 2*j - 310 = 5*d. What is the highest common factor of j and 45?
15
Let z(h) = 3*h**3 - 5*h**2 - 4*h - 4. Let u be z(5). Suppose -5*v = -5*d - 365, -2*v - 77 = -d - u. Calculate the highest common factor of 19 and v.
19
Let m be (-4)/3*27/(-6). Suppose -3*g - g + 8 = -u, -3*u + 6 = -2*g. Let x be (-1)/u - 169/(-4). What is the highest common factor of m and x?
6
Let k(j) be the first derivative of -j**4/4 - j**3/3 + 28*j + 3. Let x be k(0). What is the highest common factor of 42 and x?
14
Let x = 197 + 155. What is the greatest common factor of x and 11?
11
Suppose 0 = 4*p - 5 + 1. Calculate the highest common divisor of 5 and p.
1
Let b(d) = -d**2 - 4*d - 3. Let i be b(-2). Let g be (i + 1)/((-14)/(-77)). Calculate the highest common factor of 99 and g.
11
Let p(m) = -20*m - 12. Let n be p(-7). Calculate the greatest common divisor of n and 16.
16
Suppose -5*c + 0*i + 2*i = -13, 0 = 4*c - 4*i - 8. Suppose c*z - g + 17 = 6*z, 0 = 4*z + 2*g - 26. Calculate the greatest common divisor of 12 and z.
4
Suppose 3*w + 3*g = -0*w + 450, -458 = -3*w - g. What is the highest common divisor of 14 and w?
14
Let s be (66/4)/((-3)/(-4)). Suppose m - s = -2*u + 6*u, -3*m - 3*u + 21 = 0. Let v be (-1)/2 - 282/(-4). What is the highest common factor of m and v?
10
Let x be (-6 + 11)/(1/2). Calculate the highest common divisor of 25 and x.
5
Let y be (-1)/((-65)/(-33) - 2). Let b be 2*1 - (3 + -6). Suppose 5 = b*v + 2*l, -2 = 2*v + 3*l + 7. What is the highest common divisor of v and y?
3
Let m(x) = -3*x**3 - 7*x**2 - 7*x - 3. Let c be m(-5). What is the greatest common factor of 29 and c?
29
Suppose -8 = -2*l + 3*c, 5*c + 10 = 5*l - 10. Let q(k) = k**2 - 4*k - 8. Let u be q(6). What is the highest common factor of u and l?
4
Let y = -32 - -33. What is the highest common divisor of y and 1?
1
Let t(l) = 2*l**2 - 9*l - 10. Let f be t(8). Calculate the greatest common divisor of f and 69.
23
Let s be 1 + 3 + -1 - 0. Suppose 5*m = 3*g - 24, g = -4*m - s*g. Let k be (-2)/m + (-28)/(-3). What is the highest common factor of k and 10?
10
Let d(y) = -y**2 + y + 6. Let u be d(5). Let w = -5 - u. Let k = -153 - -234. What is the greatest common factor of k and w?
9
Let h be 300/135 - 4/18. Let g(y) = -y**3 - 4*y**2 - y - 4. Let m be g(-4). Suppose 0*j + j - 12 = m. What is the greatest common divisor of j and h?
2
Suppose p + 254 = 6*p - f, 5*p - 258 = 2*f. Calculate the greatest common divisor of p and 125.
25
Let a(l) = -l**2 - 8*l + 10. Let u be a(-6). What is the highest common divisor of 242 and u?
22
Suppose 4*f = -3*n - 29, 2*f = -0*f - 10. Let q(b) = -b**2 - 7*b - 1. Let h be q(n). What is the greatest common divisor of 44 and h?
11
Suppose 0 = 3*y - 0*y. Suppose 5*q - 34 = m + 54, y = -2*q - 2*m + 40. What is the highest common divisor of 198 and q?
18
Let x be -6*3/(-9)*4. Let n be 315/(-14)*x/(-10). What is the highest